9 - 54) + (-1 - 5) + -10.
-11
What is 12 + -11 + -2 - -13?
12
What is the value of -9 + (26 - -4) - (-36 - -43)?
14
What is the value of -14 + -3 + 15 - -15 - 15?
-2
What is (10 + -20 - (1 - 1)) + -4?
-14
What is -4 + (-7 + -4 + 5 - -5) + 8?
3
Evaluate -21 + (18 - -4) + (15 - -3).
19
Evaluate 0 + -11 + -2 + -4 + 9 + 6.
-2
What is 18 - 22 - (0 - 11) - 3?
4
Evaluate 4 - (14 - -2 - (-1 + 1)).
-12
Calculate 18 + 1 + -11 + 9 - 4.
13
Evaluate 1 - -7 - 0 - (59 - (4 + 64)).
17
Calculate -14 - (-10 + (6 + -13 - -14) + -3).
-8
(-15 - -6) + (14 - -5) - 1
9
3 - (7 - 4) - (-9 + 7)
2
What is -26 - (-70 - -59) - (10 - 0)?
-25
Evaluate 4 + 0 - (-52 - -50).
6
Evaluate (-10 - -1) + (-5 - 0).
-14
Calculate (0 - (-5 + 4 - -5)) + 1 + -23.
-26
Evaluate -15 + -10 + (24 - 6).
-7
What is -5 + 5 + 4 + -2 - 2?
0
27 + (-31 - (-41 - -13))
24
Calculate (2 - (-3 + 11) - 11) + (7 - 0).
-10
Evaluate (-11 - (-1 + -7 + 8)) + 1.
-10
Evaluate (8 - 10) + 3 + -5 - -2.
-2
Calculate (5 - 3 - -4) + -5 + (-13 - -1).
-11
-13 + (0 - 1) + -16 + 16
-14
What is the value of 6 - (-10 + 21 - -7)?
-12
Evaluate 18 + -45 + 18 + 19.
10
Evaluate (-45 - (-8 - 36)) + -3 + 11.
7
Calculate (-5 - (7 - (1 - -14))) + -2.
1
What is the value of -24 - ((-20 - -6) + 3) - -22?
9
(4 - (-2 + 4)) + (51 - 44)
9
Calculate -5 + (2 - 0) - (-20 + (1 - -12)).
4
Evaluate (2 - 11) + 12 + 0 + 9.
12
15 + (-26 - (-11 + -5))
5
What is the value of 1 + 13 - -2 - (20 - 18)?
14
Calculate 6 - 6 - (2 + -9 + 1).
6
What is (-10 - (-31 + -1)) + -11?
11
What is the value of 9 - 0 - ((32 - -7) + -27)?
-3
(-3 - 1) + (-7 - 6) + -4 - -2
-19
Calculate -2 - (-3 + 0) - ((-29 - -52) + -44).
22
Calculate (-11 + 5 - -7 - 9) + -5.
-13
-4 - (-3 + 0) - 8
-9
Calculate (13 - 13 - 23) + 18 + -17.
-22
Evaluate -2 - 7 - ((-15 - 21) + 13).
14
Calculate 43 + (47 - 91) - (19 - 0).
-20
What is the value of -16 + 21 + 14 + 1 + 0 + 1?
21
Calculate 20 - (12 + (-11 - (-31 - -15))).
3
-7 + 12 + -4 + -15 + 5
-9
What is the value of (-17 - (-46 + (12 - -6))) + 22?
33
9 + -6 + 0 + (-2 - 9)
-8
Evaluate (-15 - -4) + -5 + -3 + -6.
-25
(-29 + 5 - -11) + 21
8
What is the value of (2 - -1 - 2) + -27 + -5 + 14?
-17
What is 7 + (-1 + 16 - 8 - (3 - -11))?
0
What is the value of -2 + 6 + (8 - 29) + 10?
-7
Calculate -20 - (6 + (0 + -2 - (-20 - -22))).
-22
585 + -566 - ((5 - 1) + -1 - 8)
24
Calculate 16 - ((-7 + 6 - (2 - -4)) + 0).
23
Calculate -15 + -22 + 18 + 11.
-8
What is the value of 10 - (31 - (-7 + 17)) - (-2 + 0)?
-9
Evaluate 10 + (1 - -19 - 31 - (-2 - -3)).
-2
Calculate -7 + (15 - (15 - 13)) + -5 + 2.
3
What is 11 - (20 - (-4 + 24))?
11
What is (0 - -15) + 97 + -111?
1
Evaluate -14 - -9 - (-2 + (3 - -3)).
-9
Evaluate (24 - (29 - 1)) + 29.
25
What is the value of (1 + (-11 - -9) - 2) + -9?
-12
(-7 - -10) + 2 + -1 + (23 - 17)
10
Calculate (31 - (3 - -13) - -7) + 4.
26
Evaluate 32 + (-2 - 11) + -11.
8
What is (88 - 70) + (-2 + 3 - (5 - 7))?
21
What is the value of -31 - (2 + 3 - 18)?
-18
What is the value of -2 - (-2 + 14 + (43 - 61))?
4
-8 - (-14 + 9 + (5 - 0))
-8
1 + 4 - (-9 - (-11 + 11 + -8))
6
Evaluate 37 + -59 + 29 + -10 + 0.
-3
What is the value of -51 + 39 + (-10 - -6)?
-16
What is -1 + 5 + 3 + -5 + 1 + 10?
13
What is the value of (-3 - (12 + -22)) + (15 + 1 - 2)?
21
2 + 0 + (57 - 25 - 35)
-1
What is (-7 - 3 - (-2 - 2)) + -5?
-11
Calculate 19 + (-15 + -8 - -31).
27
(85 - 29) + -11 - 26
19
(-8 - (-1 - (1 + 3) - 1)) + 11
9
30 - (6 - -61) - -24
-13
2 - ((2 - (-1 + 8)) + 15 + 6)
-14
(2 - 5 - -13) + -37 + (12 - 6)
-21
15 - 0 - (135 + -132)
12
What is -14 + (-8 - (8 - (5 - -3 - -2)))?
-20
(-17 + (7 - -8) - (1 + -13)) + -8
2
Calculate (-13 + 3 - -5) + 9 + -1 + -2.
1
Calculate -5 - (-10 + (17 - 33)) - (2 - 8).
27
What is the value of 12 + 137 + -134 + 1 + -13?
3
What is -5 + (-4 - (-14 - (-8 - 7)))?
-10
Evaluate 9 + -1 + -2 - (-7 - -31 - 16).
-2
What is the value of -300 - -265 - (-6 + 3)?
-32
Evaluate (-23 - (-1 + -2 + -6) - -9) + -11.
-16
Evaluate -6 - (-50 + 38 + -13 + -17).
36
Calculate -6 + (80 - 77) + 28 + -5 + 3.
23
Evaluate -24 - (-1 - (-4 + 2)) - (1926 - 1921).
-30
What is -4 - (1 + -21 - (-19 - (-17 + 0)))?
14
Evaluate -10 - (8 - ((-6 - -4) + 13)).
-7
What is -5 - (3 + -2) - (10 - (7 + 2))?
-7
8 + (0 - 40 - -13) + 12
-7
Evaluate 28 + (-3 - (8 - (0 - (-7 - -4)))).
20
Calculate (-13 + -2 - (-22 + 15)) + -21.
-29
Calculate -3 - 40 - -3 - -5.
-35
Calculate 33 - (50 + -40) - (2 + 11).
10
What is 6 + 9 + 3 + 0 - 5?
13
Evaluate 456 - 448 - (1 - 10).
17
-18 + 3 + 2 + (1 - 6) + 2
-16
(-7 - -1) + 2 + (-45 - (-39 - -8))
-18
What is (-3 + 9 - 7) + -12 + -3?
-16
What is 12 + -25 - -1 - 13?
-25
What is (2 - 1) + 8 + (62 - (31 + 38))?
2
Evaluate (-6 - 0) + 25 + -9.
10
Calculate 1 - 28 - -35 - (1 + -32).
39
What is (33 - 8) + -26 + (-4 - (-2 + 1))?
-4
3 - (-6 + 11 + -4) - -5
7
29 + (-35 + 15 - -13)
22
What is (62 + -39 - -5) + (0 - 4)?
24
Calculate -4 - -1 - (29 - (34 - 13)).
-11
Evaluate (-1 - 5) + (-10 - (-19 + 11)) + 14.
6
What is the value of (16 - (12 + -1 - -27)) + 1 + 9?
-12
Evaluate (-47 - -64) + -29 - -18.
6
(-2 + -5 - -5) + 6 + -2
2
Evaluate -20 + (0 - -9 - (-65 - -79)).
-25
Evaluate -8 - (6 + -1 + -29 + 5).
11
(-147 + 156 - (0 - -17)) + 7 + 0
-1
Calculate -21 + 18 + -22 + 18.
-7
What is 38 + -17 + 2 + -28 - (-1 + -20)?
16
Evaluate (0 - 4) + (4 - (11 + -31 + 12)).
8
Calculate -7 + (1 - ((-4 - 12) + 11)).
-1
-2 - -12 - (-2 - (-1 - 8))
3
14 - -1 - (-63 - -132 - 57)
3
(-5 - (-4 - -6)) + 7 - 3 - 6
-9
What is the value of (-30 - 1 - 1) + 4?
-28
Evaluate (-9 - 4) + 27 + -15.
-1
Evaluate 2777 - 2790 - (2 - 0 - 13).
-2
Evaluate -30 + (-42 - (22 - 61)).
-33
Evaluate (-5 - (5 - (4 + 16 + 0))) + -3.
7
Evaluate (8 - (-2 + -1 + 2)) + 38 + -40.
7
What is (4 - (0 + 8 - (-32 - -34))) + -9?
-11
56 + -73 - (-9 + 0)
-8
Evaluate -12 - (-24 - -9) - 12 - (2 - -6).
-17
Evaluate 5 + 0 + 10 + 11 + -21.
5
Evaluate -10 - -2 - (0 + 2) - (-53 - -48).
-5
3 + (-9 - 4) - (-594 + 585)
-1
What is 3 + -21 - (-9 + -7)?
-2
(-65 - -28) + (-14 - -26)
-25
Evaluate (1 + -22 - -6 - (1 + 0)) + 1.
-15
(-1 - 2) + 16 + 1 + -26 + 18
6
What is the value of 1 + -12 - (-41 - -34)?
-4
18 - -11 - (1 - -13) - (11 + -1)
5
What is 6 + -3 - 2 - (6 - 12)?
7
Calculate 8 + (6 - 0) + (-12 - (0 + -1)).
3
What is -18 - 1 - (-23 - (31 + -71))?
-36
Calculate 4 - (19 + 5 + -4 + -8).
-8
Evaluate (-3 + 27 - 5) + (-24 - -13).
8
What is 0 + (59 + -57 - (1 - -1))?
0
(5 - -5 - 18 - 8) + 11
-5
-24 - -44 - 15 - -11
16
What is 21 - ((-1 - -37) + -19)?
4
Calculate 24 - (10 + (-22 - -12)) - 7.
17
Calculate 3 - -11 - (-208 + 207).
15
What is the value of 53 - (2 + -7 + 13 - -7)?
38
What is the value of (-13 - -15 - 12) + (7 - 1) + -2?
-6
Calculate -27 + 0 + 0 - (5 - 6 - 1).
-25
(-27 - -10) + -9 + 4
-22
What is 1 + (-5 - (-9 + 3 + -2 - 1))?
5
13 + -11 + 12 + -8 - 33
-27
Evaluate (-3 - (1 + 11 + 10)) + 4 + -3.
-24
What is -25 + -6 + 22 - -8?
-1
What is the value of 5 + (14 - 29) + 12?
2
What is the value of 13 - (8 + -1) - (0 + -3)?
9
Evaluate -16 + (-9 - (-12 + 1)).
-14
Calculate (-2 - (1 - 13)) + -68 + 63.
5
-8 + -21 - -6 - -6 - 1
-18
What is the value of -20 + 12 + -17 - (2 + 2 + -12)?
-17
What is 161 - 167 - (1 - -1)?
-8
What is the value of -2 + -16 - (21 + -44)?
5
Calculate 21 - ((11 - 3 - (23 - 10)) + 6).
20
Calculate (-25 - -28 - 18) + 7.
-8
(-6 + (37 - 8) - 3) + -7
13
What is the value of (36 - (-1 - -20)) + -15?
2
What is -13 - (-13 - (-12 + 5))?
-7
40 + -4 + -14 + -11
11
What is the value of 57 + -104 + -4 + 15?
-36
What is the value of 17 - 22 - (3 - -2)?
-10
Evaluate -11 + (3 - ((-1 - 5) + 4)) + 6.
0
Calculate -7 + (-18 + 2 - -8) + 10.
-5
What is (-39 - (-89 - -51)) + -16 + 0?
-17
Evaluate (0 - -3) + (-22 - -20).
1
What is (4 - -12) + 11 + -24?
3
Evaluate 3 + -5 + 3 + (18 - 9).
10
10 + (-8 - 4) + 8
6
What is 7 + 6 + (-12 + 0 - -2) - 11?
-8
What is 6 + -11 + (0 - 1 - (-1 + 2))?
-7
Evaluate -3 - (17 - (5 + 9)).
-6
Evaluate (1 - -1 - (-3 - -24)) + 2 + 4.
-13
What is the value of 7 - (19 + (-4 - -5 - 0))?
-13
What is the value of 12 - (1 + -3) - (-53 + 52) - 0?
15
Calculate 10 - (1 + 0) - (-39 - 35 - -77).
6
What is the value of -25 + 26 + (39 - 61)?
-21
What is the value of 6 + -4 - (-7 - -19 - 11 - 30)?
31
What is (-7 - -12) + 8 + (39 - 33)?
19
Evaluate -1 + -17 - (70 + -82).
-6
5 + -1 + (-52 - -58) - 2
8
Evaluate (-10 - -7 -